e?
True
Suppose 2*k = 10, 2*k + 40 = 5*l + 5*k. Let h(f) = 10*f + 3. Is h(l) a composite number?
False
Suppose -30*c + 506 = -28*c. Is c a composite number?
True
Let j(q) = -q**2 - 5*q + 2. Let b be j(-5). Suppose b = -0*p + p. Suppose p*x - 42 = 4*l - 8, -20 = -x + 3*l. Is x a prime number?
True
Suppose 5*h - 6 = h + 2*s, -h = 2*s - 4. Suppose -3*g = -15, 5*g + 156 = h*c - 405. Is c a composite number?
False
Let b be (1 - 102)*(5 + -6). Suppose -3*i + 33 = 3*z, 3*z - 22 = 5*i - b. Is i composite?
True
Let p(b) = -110*b**3 - 2*b**2 - b. Is p(-1) a composite number?
False
Suppose x - 6 = 4*x. Is x/14 - 1360/(-14) a composite number?
False
Let z = 133 + 17. Let m = z - -485. Suppose 0*b = -5*b + m. Is b a prime number?
True
Suppose 4*s - 5*m = -70, 0*m = 2*s - 3*m + 36. Let h = s + 24. Is h composite?
True
Let c(h) be the second derivative of -h**3/3 + h**2 - 2*h. Let s be c(-3). Suppose t - 5*o - 67 = -2*t, -4*o = s. Is t composite?
False
Suppose 0 = 4*o - 3 + 31. Let r(a) = -a**2 - 7*a - 3. Let j be r(o). Is (-98)/(-3) - 1/j prime?
False
Suppose -4*y = 2*o - 9144, -2*y + 3*o + 11441 = 3*y. Is y prime?
True
Let w = 3009 + -1306. Is w a prime number?
False
Let p(c) = -36*c - 12. Let d be p(5). Let v = d - -671. Is v composite?
False
Let j(g) = -10*g**2 - 6*g + 7. Let f(a) = 9*a**2 + 5*a - 6. Let l(o) = 5*f(o) + 4*j(o). Is l(4) a prime number?
False
Let x = 1274 - -97. Is x a prime number?
False
Let m(a) = a**2 + 17*a - 1. Let z(g) = g**2 + 8*g. Let v(i) = -2*m(i) + 5*z(i). Is v(-6) a prime number?
False
Let p(r) = -r**2 - r - 7. Let o be p(0). Let m = o - -10. Suppose 0 = -5*v - 5*k + 55, 2*k + 41 + 2 = m*v. Is v a composite number?
False
Suppose 0 = -2*x - c + 7, -c = 3*x + 4*c - 21. Suppose -84 = -2*m - x*u, 0 = m - 0*m - u - 32. Is m a prime number?
True
Let a(v) = 8*v - 1. Let l be (-4 - -5)*2 + 1. Is a(l) composite?
False
Is (166/(-6))/((-5)/15) a composite number?
False
Let f(y) = -y**3 + y + 1. Let u(v) = -3*v**3 - 7*v**2 + 9*v. Let z(t) = 4*f(t) - u(t). Suppose 3*a - 12 = 6. Is z(a) a prime number?
False
Suppose 0 = -4*z - z + 10. Suppose 14*p + 9 = 23*p. Is (z - 1)/(p/7) prime?
True
Let w(b) = -11*b - 1. Let u(c) = -3 + 10*c + 0 + 4. Let s(l) = 4*u(l) + 5*w(l). Is s(-4) composite?
False
Suppose -165 + 23 = -2*q. Suppose 5*g + 4*p + q = 8, 78 = -5*g + p. Let f = g + 21. Is f composite?
True
Suppose -2*h = -616 - 362. Is h prime?
False
Let r(w) = 126*w + 11. Let v = -17 - -26. Is r(v) prime?
False
Let f(p) = -p. Let a be f(-2). Suppose -a = v - 8. Suppose 130 = v*m - m. Is m composite?
True
Let v(o) = -5 - 4 - 4*o - 7*o. Is v(-8) a prime number?
True
Let a(b) = -b**2 - 4*b - 5. Let o be a(-4). Let k = o - 3. Is (0 + (-182)/k)*4 composite?
True
Suppose -234 = -2*w + 4*t + 240, 1 = -t. Suppose -3*a + 741 = 3*v, -v + a - 5*a + w = 0. Is v a composite number?
False
Suppose -4*n = 3*c - 277, -3*n - 4*c + c + 210 = 0. Is n a prime number?
True
Suppose -i - m - 1 = -0*m, 0 = -4*i + 2*m + 20. Suppose -4*q + 83 = -i*q. Is q a prime number?
True
Let j(r) = r**3 + 5*r**2 + 2*r - 5. Let c be -4 + (-4)/2 + 2. Let h be j(c). Is 74*(-2)/(-12)*h a prime number?
True
Let t(q) = -645*q - 4. Is t(-5) composite?
False
Let q(u) = -u**3 + 4*u**2 - 7*u - 8*u**2 - 1 + 0. Let d be q(8). Let w = d + 1178. Is w a composite number?
False
Let s = -2090 - -3147. Is s a prime number?
False
Suppose -3*o + 10483 = 5*k, -o + 3501 = 2*k + k. Suppose 0 = -5*h + o - 891. Is h/15 + 6/15 a prime number?
False
Let b(w) be the second derivative of 14*w**3/3 + 15*w**2/2 - 9*w. Is b(7) a composite number?
False
Suppose -i = -0*i + 2*f - 6, -2 = 4*i - 5*f. Let h = 16 + i. Is 9/h + (-309)/(-2) prime?
False
Suppose 3*d - 2*d = 392. Suppose -3*b = 2*j - 426, -3*b - d - 277 = -3*j. Is j a composite number?
True
Let g be 186 - 1 - 1/1. Let u = 395 - g. Is u a composite number?
False
Let b(i) = i**3 - 4*i**2 - 3*i + 4. Let q be b(5). Let m be 10/35 + (-4)/q. Suppose -2*t + 110 = -m*t. Is t prime?
False
Let s(n) = 77*n + 17. Is s(6) a prime number?
True
Let i = -1074 + 1557. Suppose -2*h - h = -i. Is h a prime number?
False
Let g(m) = -m**3 - 2*m**2 - 4*m - 1. Is g(-5) composite?
True
Suppose -458 = -5*y - 58. Suppose -y = -4*l + 200. Suppose x - 3*x = -l. Is x prime?
False
Suppose 348 = 5*o - 1042. Is o a prime number?
False
Let a be 10/(-8)*(-1 + 5). Let d(u) = -23*u. Is d(a) a prime number?
False
Let c = 2758 + 103. Is c a prime number?
True
Suppose 2*v - 122 - 132 = 0. Suppose w - 2*w = -v. Is w prime?
True
Let z = 666 + -379. Is z prime?
False
Let g = -97 - -167. Let i = 98 - g. Let m = 59 - i. Is m a composite number?
False
Let c = -7 + 9. Suppose q = -3*g - 0*g + 76, 3*q + c*g = 235. Suppose -3*j = 3*y + y - q, -2*y + 56 = -4*j. Is y a composite number?
True
Suppose -10 = -4*h - 2. Suppose h*i = 1 + 1. Is (-105)/(-1) - (-2 + i) a composite number?
True
Let s(z) = -511*z + 26. Is s(-3) a composite number?
False
Let x be 2/11 + (-678)/(-22). Let k = 118 - x. Is k composite?
True
Let i(v) = v + 6. Let s be i(-4). Is s/12 - (-6675)/18 prime?
False
Let i = 3 - -21. Let t = -5 + -2. Let b = i - t. Is b composite?
False
Let i(f) = -f**3 + f**2 + f. Let k be i(-1). Let t be k/(-3) - 4/(-12). Let v(q) = q**2 + q + 115. Is v(t) prime?
False
Let i be 2/8 - (-409)/(-4). Let u = i - -9. Is u/(-6)*-1*-2 a prime number?
True
Suppose -45 = 5*q + 5*w, 5*q - q + 41 = -3*w. Let r be (-1 + (-19)/2)*q. Let z = r - 82. Is z a composite number?
True
Suppose 5*f + 131 = -4*q + 21, 2*q + 2*f + 56 = 0. Suppose 2*t - 212 = -2*t. Let s = t + q. Is s a prime number?
True
Suppose 4*j + 2*h = 110 + 486, 4*j - 610 = 5*h. Suppose -4*a + 3*k - k + 146 = 0, 2*k = -4*a + j. Is a a composite number?
False
Let t(i) = i**2. Let p be t(4). Suppose 0 = 3*z + z + p. Let s(y) = -5*y + 2. Is s(z) prime?
False
Let s(b) = b**3 - b**2 + b + 2. Let f be s(0). Suppose -f*d + 5 = -3. Is 43/4 + 1/d a composite number?
False
Let n be ((-534)/9)/2*-24. Suppose -4*z + 2*z + 3*j = -289, 3*j - n = -5*z. Is z a composite number?
True
Let f(k) = -2*k - 7. Let h be f(-7). Let s(n) = n**3 - 7*n**2 + 2*n. Is s(h) prime?
False
Suppose -n + 0*n = -653. Suppose -5*z - v + 1652 = 0, 3*z - n = z - 3*v. Is z a composite number?
False
Suppose -5*f - 4 = -29. Suppose 39 = z + 2*i, -z - f*i + i = -47. Is z composite?
False
Let w(y) = -y - 1. Let i be w(-3). Let l(r) = -2 + 8 + 2*r - 3 + 9*r**i + 0. Is l(-2) prime?
False
Suppose v - 105 = 2*c, -3*c = 2*v - 83 - 92. Let m = v + -28. Is m composite?
False
Suppose 2*v - 3*z + 33 = 3*v, 4*v - 4*z - 68 = 0. Suppose -339 + v = -2*o. Suppose 4*y - o = y. Is y composite?
False
Let j(a) = a**3 - 11*a**2 + 10*a - 5. Is j(12) prime?
False
Let w = 3 - 5. Let i = w - -8. Suppose -4*u - 4*r = -56, -2*u - 31 = -i*u + r. Is u a composite number?
True
Suppose 4 - 6 = o. Let h = o + 1. Is (5*h)/(5/(-10)) prime?
False
Let y(v) = v**3 - 6*v**2 + v**3 + 7 - 7*v + 2*v**3 - 3*v**3. Is y(8) a prime number?
True
Suppose -b = 0, 356 = -0*v + 4*v + 5*b. Is v composite?
False
Let s(i) = -i**3 - 4*i**2 - 2*i. Suppose -5 = -h + 2*h. Let m be s(h). Is (-2)/((-5)/(m/2)) a composite number?
False
Let v(h) = h**2 - 3*h + 5. Is v(7) a composite number?
True
Suppose -41 = -x - 204. Is x/(-7) + (-4)/14 prime?
True
Suppose 6*h - 974 = -356. Is h composite?
False
Let f(k) = 3*k - 1. Let a be f(1). Let q be (-2)/(-3) - 6/9. Suppose q = -a*j + 3*j - 53. Is j composite?
False
Suppose -3*z + 19 = a, a + 4*z = 3*a - 68. Let t = 59 - a. Is t a composite number?
False
Let h(n) = -9*n**3 + n**2 - 1. Let s be h(1). Is 57*1/s*-3 a composite number?
False
Suppose 12866 - 42906 = -8*z. Is z a composite number?
True
Suppose 1 = 4*o - 7. Suppose -2*w - 4*h + 1111 = -875, -h - 1986 = -o*w. Suppose q + 2*q - w = 0. Is q composite?
False
Suppose 3*l = 3*h + 2*h + 322, 0 = 2*h + 10. Let w = l - -92. Is w a composite number?
False
Suppose 4*k - 71 = -2*f + 291, 0 = -3*k + f + 284. Is k composite?
True
Suppose 0*a - 2*a + 32 = 0. Suppose 3*z = -z + a. Is (-1 + 3)/(z/110) a prime number?
False
Suppose 5*y = -3*o - 3, 3*y + 2*o = -2*y - 7. Let x be (y/(-6) - 1)*2. Let p = 21 - x. Is p composite?
True
Suppose -2386 = -7*k + 687. Is k a composite number?
False
Let l(b) = -b - 3. Let a be l(-5). Suppose 3*i - 1 = -5*t, -5*t - i - a = 3*i. Is t a prime number?